{"id":159,"date":"2020-12-04T00:45:50","date_gmt":"2020-12-04T00:45:50","guid":{"rendered":"https:\/\/digigato.com.mx\/?page_id=159"},"modified":"2021-12-20T15:53:17","modified_gmt":"2021-12-20T21:53:17","slug":"home","status":"publish","type":"page","link":"https:\/\/digigato.com.mx\/","title":{"rendered":"Home"},"content":{"rendered":"\t\t<div data-elementor-type=\"wp-page\" data-elementor-id=\"159\" class=\"elementor elementor-159\">\n\t\t\t\t\t\t<section class=\"elementor-section elementor-top-section elementor-element elementor-element-1c9cb33 elementor-section-boxed elementor-section-height-default elementor-section-height-default\" data-id=\"1c9cb33\" data-element_type=\"section\" data-e-type=\"section\">\n\t\t\t\t\t\t<div class=\"elementor-container elementor-column-gap-default\">\n\t\t\t\t\t<div class=\"elementor-column elementor-col-100 elementor-top-column elementor-element elementor-element-58d3bb3\" data-id=\"58d3bb3\" data-element_type=\"column\" data-e-type=\"column\">\n\t\t\t<div class=\"elementor-widget-wrap elementor-element-populated\">\n\t\t\t\t\t\t<div class=\"elementor-element elementor-element-a4fc77c elementor-widget elementor-widget-image\" data-id=\"a4fc77c\" data-element_type=\"widget\" data-e-type=\"widget\" data-widget_type=\"image.default\">\n\t\t\t\t<div class=\"elementor-widget-container\">\n\t\t\t\t\t\t\t\t\t\t\t\t\t\t\t<img decoding=\"async\" width=\"300\" height=\"85\" src=\"https:\/\/digigato.com.mx\/wp-content\/uploads\/2020\/12\/white_logo_transparent_background-300x85.png\" class=\"attachment-medium size-medium wp-image-161\" alt=\"DGATO\" srcset=\"https:\/\/digigato.com.mx\/wp-content\/uploads\/2020\/12\/white_logo_transparent_background-300x85.png 300w, https:\/\/digigato.com.mx\/wp-content\/uploads\/2020\/12\/white_logo_transparent_background-1024x291.png 1024w, https:\/\/digigato.com.mx\/wp-content\/uploads\/2020\/12\/white_logo_transparent_background-768x218.png 768w, https:\/\/digigato.com.mx\/wp-content\/uploads\/2020\/12\/white_logo_transparent_background-1536x437.png 1536w, https:\/\/digigato.com.mx\/wp-content\/uploads\/2020\/12\/white_logo_transparent_background-2048x582.png 2048w, https:\/\/digigato.com.mx\/wp-content\/uploads\/2020\/12\/white_logo_transparent_background-600x171.png 600w\" sizes=\"(max-width: 300px) 100vw, 300px\" \/>\t\t\t\t\t\t\t\t\t\t\t\t\t\t\t<\/div>\n\t\t\t\t<\/div>\n\t\t\t\t\t<\/div>\n\t\t<\/div>\n\t\t\t\t\t<\/div>\n\t\t<\/section>\n\t\t\t\t<section class=\"elementor-section elementor-top-section elementor-element elementor-element-9477ead elementor-section-boxed elementor-section-height-default elementor-section-height-default\" data-id=\"9477ead\" data-element_type=\"section\" data-e-type=\"section\">\n\t\t\t\t\t\t<div class=\"elementor-container elementor-column-gap-default\">\n\t\t\t\t\t<div class=\"elementor-column elementor-col-100 elementor-top-column elementor-element elementor-element-8da2c4d\" data-id=\"8da2c4d\" data-element_type=\"column\" data-e-type=\"column\">\n\t\t\t<div class=\"elementor-widget-wrap elementor-element-populated\">\n\t\t\t\t\t\t<div class=\"elementor-element elementor-element-16f6ae1 elementor-widget elementor-widget-text-editor\" data-id=\"16f6ae1\" data-element_type=\"widget\" data-e-type=\"widget\" data-widget_type=\"text-editor.default\">\n\t\t\t\t<div class=\"elementor-widget-container\">\n\t\t\t\t\t\t\t\t\t<ul>\n \t<li>\u00bfProblemas con sus servicios de tecnolog\u00eda de informaci\u00f3n?<\/li>\n \t<li>\u00bfTiene dudas sobre qu\u00e9 servicios elegir o como implementarlos?<\/li>\n \t<li>\u00bfNadie le responde las preguntas sobre productos o servicios de sistemas porque &#8220;no son parte&#8221; del paquete de soporte?<\/li>\n<\/ul>\nSi esta es su situaci\u00f3n, perm\u00edtame darle la bienvenida a mi espacio. Soy un consultor con m\u00e1s de 20 a\u00f1os de experiencia en diversas \u00e1reas de sistemas y tecnolog\u00edas de informaci\u00f3n y me encantar\u00eda poder apoyarle a resolver su problema.\u00a0 La gran mayor\u00eda de las consultas son gratuitas* y mi objetivo es que usted se sienta apoyado en la resoluci\u00f3n de su problema.\n<br\/><br\/>\n\u00a1Perm\u00edtame ser su apoyo!<br\/>\n<br\/>\n<font size=-2><strong>*<\/strong>Aplican restricciones dependiendo de la complejidad, tiempo y recursos necesarios para dar respuesta y\/o soluci\u00f3n.\t\t\t\t\t\t\t\t<\/div>\n\t\t\t\t<\/div>\n\t\t\t\t\t<\/div>\n\t\t<\/div>\n\t\t\t\t\t<\/div>\n\t\t<\/section>\n\t\t\t\t<\/div>\n\t\t","protected":false},"excerpt":{"rendered":"<p>\u00bfProblemas con sus servicios de tecnolog\u00eda de informaci\u00f3n? \u00bfTiene dudas sobre qu\u00e9 servicios elegir o como implementarlos? \u00bfNadie le responde&#8230;<\/p>\n","protected":false},"author":1,"featured_media":0,"parent":0,"menu_order":0,"comment_status":"closed","ping_status":"closed","template":"template-elementor-builder.php","meta":{"_acf_changed":false,"footnotes":""},"class_list":["post-159","page","type-page","status-publish","hentry"],"acf":[],"_links":{"self":[{"href":"https:\/\/digigato.com.mx\/index.php\/wp-json\/wp\/v2\/pages\/159","targetHints":{"allow":["GET"]}}],"collection":[{"href":"https:\/\/digigato.com.mx\/index.php\/wp-json\/wp\/v2\/pages"}],"about":[{"href":"https:\/\/digigato.com.mx\/index.php\/wp-json\/wp\/v2\/types\/page"}],"author":[{"embeddable":true,"href":"https:\/\/digigato.com.mx\/index.php\/wp-json\/wp\/v2\/users\/1"}],"replies":[{"embeddable":true,"href":"https:\/\/digigato.com.mx\/index.php\/wp-json\/wp\/v2\/comments?post=159"}],"version-history":[{"count":0,"href":"https:\/\/digigato.com.mx\/index.php\/wp-json\/wp\/v2\/pages\/159\/revisions"}],"wp:attachment":[{"href":"https:\/\/digigato.com.mx\/index.php\/wp-json\/wp\/v2\/media?parent=159"}],"curies":[{"name":"wp","href":"https:\/\/api.w.org\/{rel}","templated":true}]}}