{"id":179,"date":"2020-12-08T15:24:03","date_gmt":"2020-12-08T21:24:03","guid":{"rendered":"https:\/\/digigato.com.mx\/?page_id=179"},"modified":"2025-02-04T16:48:14","modified_gmt":"2025-02-04T22:48:14","slug":"resume","status":"publish","type":"page","link":"https:\/\/digigato.com.mx\/index.php\/resume\/","title":{"rendered":"Resume"},"content":{"rendered":"<p><!-- About --><br \/>\n<!-- title --><\/p>\n<h2>Curr\u00edcula<\/h2>\n<p><!-- content --><\/p>\n<p><strong>Formaci\u00f3n acad\u00e9mica:<\/strong><br \/>\n\u2022 L.S.C.A. por el Instituto Tecnol\u00f3gico y de Estudios Superiores de Monterrey.<br \/>\n\u2022 Certificado en ITIL Foundations v3 por Axios, Intl.<br \/>\n<strong>Trayectoria:<\/strong><br \/>\nProfesional con mas de 22 a\u00f1os de experiencia en las \u00e1reas de an\u00e1lisis, planeaci\u00f3n y despliegue de servicios, infraestructura y seguridad en empresas trasnacionales como:<br \/>\n\u2022 Altius, Inc.; en Los \u00c1ngeles, California.<br \/>\n\u2022 General Electric, Co.; en Fort Myers, Florida.<br \/>\n\u2022 CEVA Logistics, Inc.; en Austin Texas y la CDMX.<br \/>\n\u2022 Bolsa Institucional de Valores en la CDMX.<br \/>\n\u2022 EPAM y Google en la CDMX.<br \/>\n<strong>\u00c1rea disciplinaria:<\/strong><br \/>\n\u2022 Infraestructura.<br \/>\n\u2022 DevOps.<br \/>\n\u2022 Seguridad.<br \/>\n\u2022 Soporte a hardware.<br \/>\n\u2022 An\u00e1lisis e implementaci\u00f3n de servicios (on-site, h\u00edbrido, cloud).<br \/>\n<strong>Producci\u00f3n human\u00edstica:<\/strong><br \/>\n\u2022 Colaborador de varios art\u00edculos para revistas de publicaci\u00f3n general, impresas y en l\u00ednea, sobre sistemas, DevOps, seguridad y virus.<br \/>\n\u2022 Colaborador como traductor y QA en proyectos de aplicaciones y software libre.<br \/>\n\u2022 Miembro del equipo de pruebas para K8s para CIVO Cloud.<br \/>\n<strong>Asociaciones:<\/strong><br \/>\n\u2022 Miembro de la Association for Computer Machinery.<br \/>\n<strong>Desarrollo actual:<\/strong><br \/>\nActualmente consultor independiente para PyMEs, negocios micro y profesionales independientes en temas de implementaci\u00f3n de sistemas, cloud services y DevOps.<\/p>\n","protected":false},"excerpt":{"rendered":"<p>Curr\u00edcula Formaci\u00f3n acad\u00e9mica: \u2022 L.S.C.A. por el Instituto Tecnol\u00f3gico y de Estudios Superiores de Monterrey. \u2022 Certificado en ITIL Foundations&#8230;<\/p>\n","protected":false},"author":1,"featured_media":0,"parent":0,"menu_order":0,"comment_status":"closed","ping_status":"closed","template":"template-elementor-builder.php","meta":{"_acf_changed":false,"footnotes":""},"class_list":["post-179","page","type-page","status-publish","hentry"],"acf":[],"_links":{"self":[{"href":"https:\/\/digigato.com.mx\/index.php\/wp-json\/wp\/v2\/pages\/179","targetHints":{"allow":["GET"]}}],"collection":[{"href":"https:\/\/digigato.com.mx\/index.php\/wp-json\/wp\/v2\/pages"}],"about":[{"href":"https:\/\/digigato.com.mx\/index.php\/wp-json\/wp\/v2\/types\/page"}],"author":[{"embeddable":true,"href":"https:\/\/digigato.com.mx\/index.php\/wp-json\/wp\/v2\/users\/1"}],"replies":[{"embeddable":true,"href":"https:\/\/digigato.com.mx\/index.php\/wp-json\/wp\/v2\/comments?post=179"}],"version-history":[{"count":2,"href":"https:\/\/digigato.com.mx\/index.php\/wp-json\/wp\/v2\/pages\/179\/revisions"}],"predecessor-version":[{"id":415,"href":"https:\/\/digigato.com.mx\/index.php\/wp-json\/wp\/v2\/pages\/179\/revisions\/415"}],"wp:attachment":[{"href":"https:\/\/digigato.com.mx\/index.php\/wp-json\/wp\/v2\/media?parent=179"}],"curies":[{"name":"wp","href":"https:\/\/api.w.org\/{rel}","templated":true}]}}